 25, d = -v. What is the remainder when 125 is divided by g?
17
Suppose -4*d = 4*k - 208, k - 2*d - 116 = -k. Let z = -28 + k. Calculate the remainder when z is divided by 85/(-34)*3*8/(-15).
3
Suppose 2*l - 2*m = 798, -10*m = 2*l - 11*m - 798. What is the remainder when 898 is divided by l?
100
Let l be ((-4)/(-6))/((-4)/(-6)). Suppose 2*j - 13 + l = 0. Calculate the remainder when (-3)/(6/10)*-9 is divided by j.
3
Suppose 150 = -511*b + 516*b. Let u be (12/3)/((-3)/12). Let d = b - u. Calculate the remainder when d is divided by 12.
10
Suppose -163 = -8*s + 3446 + 1231. Calculate the remainder when s is divided by 154.
143
Suppose 0 = -4*x - 2*t - 0*t - 50, -2*x - 10 = -4*t. Let a = x + 21. What is the remainder when (-7*(-4)/6)/(1 + 25/(-30)) is divided by a?
8
Let y be (-1)/4 - 42/(-8). Suppose 4*o + w - 3 = 27, 4*o - 38 = -y*w. What is the remainder when 17*(4/4 - (2 - 2)) is divided by o?
3
Let k(z) = -z**3 - 9*z**2 - 24*z - 92. Let j = 36 - 21. Calculate the remainder when k(-8) is divided by j.
6
Suppose -3*f = -18, 16*a + 5*f = 11*a + 245. What is the remainder when 856 is divided by a?
39
Let c = -202 - -186. Let k = c - -22. Calculate the remainder when 64 is divided by k.
4
Suppose -2*b + 5*r - 37 = 13, -3*b = r + 92. What is the remainder when 15 is divided by (-47)/(-5) - b/(-75)?
6
Let q(x) = -x**2 + 8*x + 3. Calculate the remainder when 14 + -4 + 1 + 15 is divided by q(4).
7
Calculate the remainder when 1642 is divided by 9 - (1*4 + (-132)/1).
135
Suppose 0 = -4*c + 2*r + 1232, 0*r - 4*r + 1220 = 4*c. Let o = c - 132. What is the remainder when o is divided by 22?
21
Let i(l) = -289*l + 1476. What is the remainder when 2351 is divided by i(5)?
26
Let i(m) = 365*m - 11. Let n be i(3). Suppose -4*f + 4*q + n = 0, -650 = -2*f + q - 103. Calculate the remainder when f is divided by 31.
28
Let o be (-2)/4 - 55/(-2). Suppose 32*y - o*y = -60. What is the remainder when 1 - (4/y - 98/3) is divided by 18?
16
Suppose 0 = 11*m - 9*m - 20. Suppose m*d = 7*d + 33. Let j = d + 12. What is the remainder when j is divided by 8?
7
Let z(n) = -n**3 + 25*n**2 - 25*n + 27. Let a be z(24). Suppose 24 = m - a. Calculate the remainder when 100 is divided by m.
19
What is the remainder when 10/(-95) + (-440)/152 + 83 + 2 is divided by 71?
11
Let x = -141 + 159. Let r(w) = w**2 - 17*w + 4. Let q be r(x). Suppose 272 = 3*o - q. What is the remainder when o is divided by 17?
13
Calculate the remainder when (((-14238)/35)/(-3))/(14/245) is divided by 19.
17
Suppose 3*y + 4*g - 2687 = 0, 41*y - 39*y - 1789 = -5*g. Suppose -y*p + 901*p = 232. Suppose 6 = -2*r + 48. Calculate the remainder when p is divided by r.
16
Let v(x) = -x**3 - 4*x**2 - 4*x + 3. Suppose d + 496 = 2*y + 494, -2*d - 9 = -5*y. What is the remainder when v(-6) is divided by y?
4
Suppose -5*v = 5*o - 2185, 45*v + 2*o + 1772 = 49*v. Calculate the remainder when v is divided by 15.
6
Let q(h) = h**2 + 4*h + 6. Let w be q(4). Suppose -3*b + 5*v = -14, 0*v + v + w = 5*b. Calculate the remainder when (-28)/6*(-2 + (-36)/9) is divided by b.
4
Let f = -5997 + 6073. Calculate the remainder when 100 is divided by f.
24
Suppose -w + 933 = 2*g - 12*g, 4*w = g + 3576. Calculate the remainder when w is divided by 16.
13
Let u = 35470 + -31256. What is the remainder when u is divided by 64?
54
Suppose 0 = 6*t - 0*t - t. Suppose t = d - 5 - 17. Let r = d + 1. Calculate the remainder when r is divided by 13.
10
Let g = -195 + 321. What is the remainder when 204 is divided by g?
78
Let a be (-156)/(-9) - 8/(-12). Let x(o) = o + 2. Calculate the remainder when (a/(-6))/((-78)/(-28) + -3) is divided by x(7).
5
Calculate the remainder when (-223)/(-892) - (-390)/8 is divided by 37.
12
Suppose 0 = 1341*s - 1354*s + 8151. Calculate the remainder when s is divided by 31.
7
Suppose -22*f + 24*f - 572 = 0. Suppose -34*o + 39*o - 240 = 0. What is the remainder when f is divided by o?
46
Let z = -4495 - -5917. What is the remainder when z is divided by 79?
0
Let s = 11867 + -11836. What is the remainder when s is divided by (-1)/(-7) - (-666)/42?
15
Let z be (-76*(-3)/6)/(-2). Let u = -11 - z. Suppose -6*h = -u*h + 50. Calculate the remainder when 98 is divided by h.
23
Suppose -4*h + 5*w = -3459, -2*h + 1528 = -3*w - 201. Suppose 0 = -11*o + h - 316. What is the remainder when o is divided by 9?
5
Suppose -18 = -6*o + 5*o. Let r(u) = 3*u**2 + 3*u - 19. Let w = 27 - 34. Calculate the remainder when r(w) is divided by o.
17
Suppose 318*m = 164*m + 3080. Let l = -12 - -19. Calculate the remainder when m is divided by l.
6
Suppose 2976 = 263*m - 260*m - 2*v, -3*v - 27 = 0. Calculate the remainder when m is divided by 33.
29
Let n = -8130 + 8238. What is the remainder when n is divided by -3*(-4)/(-6) + 24?
20
Let z(b) = b + 8. Let h be z(-4). Let q = -85 + 100. Suppose -4*g = 3*s - 14, -5*g - h*s - s = -q. What is the remainder when g is divided by 4?
1
Suppose f = -4*d - 197, 0 = -2*f - 1 + 7. Let y = 167 + d. Suppose 4*i + 112 = 4*o, 4*o - 2*o + i - 44 = 0. Calculate the remainder when y is divided by o.
21
Let f = -56 + 8. Let j = f - -83. Suppose j - 28 = k. What is the remainder when 27 is divided by k?
6
Let y be 2/(3 + -7) + 12/(-8). Calculate the remainder when (y - 24/9)/(10/(-1155)) is divided by 36.
35
Let m(o) = -2*o**2 + 6*o**2 - 5*o**2 + 32*o + 191 + 0*o**2. Calculate the remainder when 134 is divided by m(36).
40
Suppose 4*g - 77 = -5*a, -4*a - g + 42 = -24. Let k(h) = 12*h**2 + 66*h + 286. Calculate the remainder when k(-4) is divided by a.
10
Let u = 1998 - 67. Calculate the remainder when u is divided by 242.
237
Let v be -3 - (-2 + (8 - 3)). Let w = 1086 - 1067. What is the remainder when 4/v - (-608)/12 is divided by w?
12
Let z(d) = -d + 11. Suppose 5*m + 12 - 42 = 0. Calculate the remainder when 74 is divided by z(m).
4
Let w = -21645 + 22715. What is the remainder when 2141 is divided by w?
1
Let f be 406/(-7)*(7 + -2). Let g = f - -336. Calculate the remainder when 136 is divided by g.
44
Let b(j) = j**3 + 10*j**2 + 7*j + 2. Suppose -2*s - 2*q + 22 = 0, -17*s - 71 = -22*s - q. What is the remainder when b(-8) is divided by s?
14
Let m = -36 + -185. Let d be (-4225)/m + 4/(-34). Suppose u - d - 104 = 0. What is the remainder when u is divided by 31?
30
Suppose -3*d + 3*w + 15 = 0, -4*d - 120*w + 45 = -119*w. What is the remainder when 2397 is divided by d?
7
Suppose k - 417 = 4*k. Let h = k + 90. Let v = h + 67. Calculate the remainder when 32 is divided by v.
14
Suppose 3*o - 74 = 25. Let y(u) be the first derivative of -14*u**2 - 14*u + 5. What is the remainder when y(-4) is divided by o?
32
Let m be (1*(-2 + 0))/((-2)/(-43)). Let k = m - -48. What is the remainder when 2/(-10) + 222/10 is divided by k?
2
Let q(a) = -19*a - 206. Let c be q(-11). Calculate the remainder when ((c - -1) + -1)*(-532)/(-12) is divided by 34.
31
Let j = -2030 + 2052. Let u = -5 - 3. Let y(w) = -w**3 - 8*w**2 + 7. What is the remainder when j is divided by y(u)?
1
Suppose 0 = y - 4*p - 173, 3*y + 3*p = 889 - 355. Suppose 4*j = j + y. What is the remainder when j is divided by (1692 - 1752)*(-2)/10?
11
Suppose 0 = -4*b + 11*b + 28. Let n(c) = c**2 + 5*c - 3. What is the remainder when n(6) is divided by (-51)/((b/(-8))/(7/(-21)))?
29
Suppose -3*r - 14 = -4*r. Let p = -11 + r. Suppose -26 = -p*h - 8. Calculate the remainder when 33 is divided by h.
3
Let g = -21 - -49. Suppose 3*r = -837*d + 835*d + 135, 0 = -4*r - 12. What is the remainder when d is divided by g?
16
Let r(i) = i**2 + 136*i + 1382. Calculate the remainder when 2538 is divided by r(-11).
4
Suppose -24*l + 13*l = -418. Suppose -32*w = -l*w + 276. Let a = 8 + 8. Calculate the remainder when w is divided by a.
14
Suppose 5*a - a - 8 = 0. Let b = a - -8. What is the remainder when 12/(-8) - 8/(-16)*75 is divided by b?
6
Suppose 96*k - 28983 - 1833 = 0. Calculate the remainder when k is divided by 32.
1
Let h be 3/(54/(-4)) - 316/36. Calculate the remainder when 23 is divided by 15/2 - (h/2 - -4).
7
Let b(t) = -t**2 - 57*t - 9. Calculate the remainder when b(-5) is divided by 176.
75
Let a(j) = -39*j + 21. Let y be a(-5). Let s(g) = -2*g - 3*g**2 - y + 0*g**3 + 217 + g**3. What is the remainder when 26 is divided by s(4)?
8
Let a be (-2)/((-4)/(-8)*-2).